{"id":54,"date":"2020-07-31T14:56:42","date_gmt":"2020-07-31T12:56:42","guid":{"rendered":"http:\/\/transvitalique.fr\/?page_id=54"},"modified":"2021-10-20T14:51:10","modified_gmt":"2021-10-20T12:51:10","slug":"partenaires","status":"publish","type":"page","link":"https:\/\/transvitalique.fr\/index.php\/partenaires\/","title":{"rendered":"Partenaire principal"},"content":{"rendered":"\n<div class=\"wp-block-group\"><div class=\"wp-block-group__inner-container\">\n<div class=\"wp-block-media-text alignwide is-stacked-on-mobile\"><figure class=\"wp-block-media-text__media\"><img loading=\"lazy\" width=\"1024\" height=\"349\" src=\"https:\/\/transvitalique.fr\/wp-content\/uploads\/2021\/03\/Logo-Lenzi-SVG-1024x349.png\" alt=\"\" class=\"wp-image-274 size-full\" srcset=\"https:\/\/transvitalique.fr\/wp-content\/uploads\/2021\/03\/Logo-Lenzi-SVG-1024x349.png 1024w, https:\/\/transvitalique.fr\/wp-content\/uploads\/2021\/03\/Logo-Lenzi-SVG-300x102.png 300w, https:\/\/transvitalique.fr\/wp-content\/uploads\/2021\/03\/Logo-Lenzi-SVG-768x262.png 768w, https:\/\/transvitalique.fr\/wp-content\/uploads\/2021\/03\/Logo-Lenzi-SVG-1536x523.png 1536w, https:\/\/transvitalique.fr\/wp-content\/uploads\/2021\/03\/Logo-Lenzi-SVG-2048x698.png 2048w, https:\/\/transvitalique.fr\/wp-content\/uploads\/2021\/03\/Logo-Lenzi-SVG-1240x422.png 1240w, https:\/\/transvitalique.fr\/wp-content\/uploads\/2021\/03\/Logo-Lenzi-SVG-508x173.png 508w\" sizes=\"(max-width: 1024px) 100vw, 1024px\" \/><\/figure><div class=\"wp-block-media-text__content\"><\/div><\/div>\n\n\n\n<p class=\"has-text-align-left has-large-font-size\">Le projet Transvitalique est soutenu par Lenzi, la soci\u00e9t\u00e9 fran\u00e7aise \u00e0 l&rsquo;origine des mondialement connues \u00ab\u00a0Lanternes de Paris\u00a0\u00bb et intervenant dans le domaine de l&rsquo;\u00e9clairage public de style.<\/p>\n\n\n\n<p>Vous pouvez retrouver leurs cr\u00e9ations sur leur site internet : <a href=\"https:\/\/www.lenzi.fr\/\" target=\"_blank\" rel=\"noreferrer noopener\">https:\/\/www.lenzi.fr\/<\/a><\/p>\n<\/div><\/div>\n","protected":false},"excerpt":{"rendered":"<p>Le projet Transvitalique est soutenu par Lenzi, la soci\u00e9t\u00e9 fran\u00e7aise \u00e0 l&rsquo;origine des mondialement connues \u00ab\u00a0Lanternes de Paris\u00a0\u00bb et intervenant dans le domaine de l&rsquo;\u00e9clairage public de style. Vous pouvez<span class=\"more-button\"><a href=\"https:\/\/transvitalique.fr\/index.php\/partenaires\/\" class=\"more-link\">Lire la suite<span class=\"screen-reader-text\">Partenaire principal<\/span><\/a><\/span><\/p>\n","protected":false},"author":1,"featured_media":318,"parent":0,"menu_order":0,"comment_status":"closed","ping_status":"closed","template":"","meta":{"spay_email":""},"_links":{"self":[{"href":"https:\/\/transvitalique.fr\/index.php\/wp-json\/wp\/v2\/pages\/54"}],"collection":[{"href":"https:\/\/transvitalique.fr\/index.php\/wp-json\/wp\/v2\/pages"}],"about":[{"href":"https:\/\/transvitalique.fr\/index.php\/wp-json\/wp\/v2\/types\/page"}],"author":[{"embeddable":true,"href":"https:\/\/transvitalique.fr\/index.php\/wp-json\/wp\/v2\/users\/1"}],"replies":[{"embeddable":true,"href":"https:\/\/transvitalique.fr\/index.php\/wp-json\/wp\/v2\/comments?post=54"}],"version-history":[{"count":9,"href":"https:\/\/transvitalique.fr\/index.php\/wp-json\/wp\/v2\/pages\/54\/revisions"}],"predecessor-version":[{"id":433,"href":"https:\/\/transvitalique.fr\/index.php\/wp-json\/wp\/v2\/pages\/54\/revisions\/433"}],"wp:featuredmedia":[{"embeddable":true,"href":"https:\/\/transvitalique.fr\/index.php\/wp-json\/wp\/v2\/media\/318"}],"wp:attachment":[{"href":"https:\/\/transvitalique.fr\/index.php\/wp-json\/wp\/v2\/media?parent=54"}],"curies":[{"name":"wp","href":"https:\/\/api.w.org\/{rel}","templated":true}]}}